 + 0*p**2. Let o(q) = -q**2 + q. Let s(n) = 5*o(n) + v(n). What is s(4)?
-5
Let t(k) = k**3 + k**2 - 6. Suppose 4*u - 11 = 5*z - 1, 4*u = z + 18. Suppose 2*a = u*a. Determine t(a).
-6
Let o(j) be the second derivative of j**4/12 + j**2/2 - 2*j. Let k be (1 + (-9)/5)*-5. Let u(v) = 3*v**2 + 7*v - 1. Let w(n) = k*o(n) - u(n). Determine w(5).
-5
Suppose u + 3*u = 0. Let i(s) = s**3 - s + 0*s - 1 + s**2 + u. What is i(-1)?
0
Let g = 9 + -10. Let l(m) = m + 1. Give l(g).
0
Let r(v) = -2*v + 10 + 2*v - 6 - v. Let q(z) = z**3 + 7*z**2 + 6*z + 6. Let b be q(-6). Give r(b).
-2
Suppose 0*j = 2*j - 2*z - 120, 90 = j + 5*z. Let m(u) = j - 65 - u. Let y(w) = w**2 + 5*w - 10. Let a be y(-7). Calculate m(a).
-4
Let b be 16/(-28) - (-138)/21. Let v(i) = -3*i + 2*i + b - 5*i - 7. Determine v(-1).
5
Let u(y) = 6*y**3 + y**2 - 4*y - 1. Let v(s) = s**3 + s**2 - 1. Let q(i) = u(i) - 5*v(i). Suppose j = -0 + 5. What is q(j)?
9
Let o be (2 - 8) + 0/(-1). Let k(c) = -4 - 859*c + 4 - 1 + 860*c. Give k(o).
-7
Suppose 6 - 2 = -z. Let y(q) be the second derivative of 1/6*q**3 + 3*q**2 + 2*q + 0. Give y(z).
2
Let j(q) = -q**2 + 3*q - 6. Suppose 8*w - 7*w - 5 = 0. What is j(w)?
-16
Let z(n) be the first derivative of 3/2*n**2 - 1/3*n**3 - n + 3. Calculate z(3).
-1
Let p(r) = -r**3 + r**2 - 1. Suppose 4*k = 6*c - c - 13, 25 = 5*c. Let a(s) = 4 + 2*s - 7*s**2 + 3*s + 0 + 2*s**k. Let x(g) = -a(g) - p(g). Calculate x(4).
9
Let u(w) = -w**2 + 3. Let q = -17 + 20. What is u(q)?
-6
Let p(c) = -c + 5. Suppose 0 = -3*k - 21 + 3. Let d(w) = -w. Let b be d(k). Give p(b).
-1
Let x(m) = m**2 + 2*m + 1. Let j be x(-2). Let q = 4 + j. Let f(t) = -t**3 + 6*t**2 - 8*t + 6. What is f(q)?
-9
Let x(y) be the second derivative of y**5/2 - y**2/2 + 7*y. Determine x(1).
9
Let z(p) = 4*p**2 + 2*p - 1. Let w = -26 - -15. Let h = w + 5. Let k = h - -7. What is z(k)?
5
Let r = 2 + 8. Suppose -5*i = 5 + r. Let v(h) = h**3 + 5*h**2 + 4*h - 1. Give v(i).
5
Suppose j + 13 = -3*t - 4*j, 5*j + 21 = -t. Suppose -4*n - 4 = t. Let a(i) = -i**3 - 3*i**2 - 2*i + 2. Calculate a(n).
2
Let q(j) = -9*j + j**2 - 2*j + 3*j + 12 + 0. Let k be q(7). Let b(y) = y - 1. What is b(k)?
4
Let o(q) = -6*q + 1. Suppose 3*i - 14 = -32. Let f(z) = -z**3 - 7*z**2 - 7*z - 4. Let k be f(i). Calculate o(k).
-11
Let y(n) = -6 - 2*n - n**2 + 7*n + 2*n**2. Suppose -3*s - 22 = -7. What is y(s)?
-6
Let w(l) = -l**3 + 6*l**2 - 4*l - 5. Let g be w(5). Let y be (-10)/(-15)*(6 + g). Let a = 4 - y. Let i(q) = q**2 + q - 8. What is i(a)?
-8
Let n(b) = 6*b - 3. Let y(v) = -5 + 5*v + 6 - 3. Let m(d) = 4*n(d) - 5*y(d). Calculate m(-3).
1
Let s(u) = 0*u**3 + 0*u**3 + 3*u + u**3 - 3 - 4*u**2. Let j(d) = -4*d**3 - 2 + 3 + 0*d + 2*d. Let r be j(-1). Calculate s(r).
-3
Let t(d) be the first derivative of 3 + 2*d**2 - 4 + 0 - 2*d - d**2. Give t(3).
4
Let i = -9 + 5. Let h(d) = d - 1. Let j be h(3). Let g(n) = 0*n**3 + 5*n**3 - 1 - 3*n + 3*n**j - 4*n**3. Determine g(i).
-5
Let j(x) = x. Let a(m) = m**2 + 4*m - 2. Let o(g) = a(g) - 3*j(g). Suppose -3*t = -t + 4*b - 10, 3*b - 9 = 0. Let d = t - -1. What is o(d)?
-2
Let d(c) be the second derivative of -c**5/20 + c**4/3 + c**3/2 - 3*c**2 - 3*c + 3. Calculate d(4).
6
Let i(r) = -r - 9. Let o(n) = -2*n - 18. Let j(m) = -m**2 - 12*m - 15. Let s be j(-10). Let f(h) = s*i(h) - 2*o(h). Determine f(-4).
-5
Let c be 2/8 - (-184)/32. Let h(g) = g**3 - 6*g**2 - g + 3. Calculate h(c).
-3
Let t(s) = -s - 2. Let p be t(-6). Suppose i - 2*a - p = 0, 0 = 3*i - a + 3*a - 4. Let w(r) = -3*r - r + 5 + r**2 - 2. Calculate w(i).
-1
Suppose z + 12 = 5*z. Let a(x) be the first derivative of -5 - 1/2*x**2 + 1/4*x**4 - x**3 - x. What is a(z)?
-4
Let x(u) be the third derivative of u**5/60 - u**4/6 - u**3/3 - 125*u**2. Let y be 1*5 - 2/2. Calculate x(y).
-2
Let t be 2 - (-1)/(-2)*4. Let j(a) = a + t*a**2 - 3 + 4*a + a**2. Calculate j(-5).
-3
Let h(k) be the second derivative of k**3/6 - 3*k**2 - 21*k. Let s(o) be the first derivative of -o**3/3 + o**2 - o + 1. Let q be s(1). Give h(q).
-6
Let l(z) = -2*z + 5. Let t(g) = 2*g - 6. Let j(x) = 3*l(x) + 2*t(x). Give j(2).
-1
Let u(o) = -o**2 - 9*o + 7. Let i be u(-10). Let s(z) = -z. Give s(i).
3
Suppose 0 = -d + 3, 8*h = 4*h - d - 9. Let p(t) = -2*t. Determine p(h).
6
Suppose -4*z = 4*g - 24, 3*g - 1 = 2*g. Let r(v) be the third derivative of 1/15*v**z - 1/120*v**6 + 2*v**2 - 1/6*v**3 + 0*v + 0 - 1/12*v**4. Calculate r(4).
-9
Let p(t) = 34*t + 4 - 2 - 30*t. Calculate p(2).
10
Let m(r) = 4 + 5*r + 1 - 3*r - 2. Let f be m(-4). Let l(b) = -b**3 - 5*b**2 + 3*b + 6. Give l(f).
-9
Let f(d) = d**3 + 4*d**2 + 2*d + 6. Let b be (-8)/44 + 90/11. Suppose -b = -h + 3*h. Let c be h + 2 - (-6)/(-3). Determine f(c).
-2
Let f(o) = 2*o - 11. Let l(x) = 2*x + 6 - 2*x - x. Let d(y) = 3*f(y) + 5*l(y). Let i = 4 - 2. What is d(i)?
-1
Let r(i) = -7 - 3*i + 3 + 3*i - i. Let u be 4/(-28) + 1/7. Give r(u).
-4
Suppose 0 = -14*c + 18*c + 4. Let p(i) = -i**2 - 1. Give p(c).
-2
Let i(l) = -3*l + 2. Let v(t) = -2*t + 1. Let q(u) = 5*i(u) - 7*v(u). Give q(5).
-2
Let y be (-13 - -14)*(-1 + 0). Let o(k) be the third derivative of 7*k**5/60 - k**3/6 + k**2. Let b be o(y). Let t(n) = n - 5. Give t(b).
1
Suppose -2*n = 3*n + 5*y + 35, -23 = 5*n + y. Let a(g) = g**3 + 5*g**2 + 4*g - 3. What is a(n)?
-3
Suppose -2*b = -7*b. Suppose a - 5*a + 16 = b. Suppose -4*r - a = -24. Let g(s) = -2*s + 4. Determine g(r).
-6
Let s(z) = 3*z**2 + 3 + 3*z**2 - 7*z**2 - 6*z**2. Let k(f) = 1. Let b(j) = -2*k(j) + s(j). What is b(-1)?
-6
Let k(b) = -2*b**3 - 2*b**2 - 2. Suppose 0 = -9*p - 5 - 13. Determine k(p).
6
Let f be (18/(-2) - -1)/(-2). Let j be 4 - (-1 + 2 - -1). Suppose -j*v = -v + 5, f*c = -3*v + 5. Let m(g) = -g**2 + 4*g + 5. Give m(c).
0
Let b be 1/((-2)/(-8) + 0). Suppose -21 = 5*i - 2*x, 0*i + 5*x - 27 = b*i. Let y(q) = -3*q + 2*q + 3*q - 3 + 7. Calculate y(i).
-2
Let w(c) = -c**3 + 4*c**2 - 4*c + 2. Let p(m) = 7*m - 9. Let f = 30 - 17. Let k(g) = 15*g - 19. Let d(s) = f*p(s) - 6*k(s). Let x be d(6). Determine w(x).
-1
Let l(y) = y**2 - y. Let i(c) be the second derivative of c**5/20 - c**4/6 + c**3/6 + 3*c**2/2 + c. Let z(o) = -i(o) - 6*l(o). Determine z(-5).
-3
Let m(y) = -3*y - 22. Let s be m(-9). Let x(g) = -g**2 + 4*g + 2. Calculate x(s).
-3
Let k(h) = 7*h**2 - 1. Let g(i) = i**2 + 15*i - 14. Let z be g(-16). Suppose 2*o = z*r, o = -4*o - r - 6. What is k(o)?
6
Let y be 2/(-2)*5 + 1. Let v(w) be the first derivative of w**4/12 + w**3 + w**2/2 - 2*w - 2. Let d(a) be the first derivative of v(a). Determine d(y).
-7
Suppose -5*o - 4*o + 36 = 0. Let m(z) = 5 + 0*z**2 - 2*z**3 + z**3 + 2*z**2 + 4*z. Give m(o).
-11
Let f(a) = 9 + a - 4 - 5 + a**2. What is f(-5)?
20
Let o(z) be the first derivative of -z**3/6 + 2*z**2 - 3*z - 2. Let g(l) be the first derivative of o(l). Suppose 5*h = 3*h + 8. Determine g(h).
0
Suppose -3*w + 4*d = -8*w + 27, -2*w - d = -9. Let u(n) = 2 + 4 + w*n - 6*n - 7. What is u(-1)?
2
Let o(s) = s**2 - 2*s - 1. Let g(m) = -2*m**2 + 5*m + 3. Let h(x) = -2*g(x) - 5*o(x). Let d(j) = -j**2 - j + 1. Let i(w) = d(w) + h(w). Give i(-1).
-1
Let g(b) be the second derivative of -b**5/20 + b**4/3 + b**3/3 - 3*b**2/2 - 13*b. Calculate g(3).
12
Let h be (2/(-8))/(7/(-140)). Let y = 10 - h. Let f(m) = -4*m**2 + m**3 - m - m - 4*m. Calculate f(y).
-5
Let g(x) = -6*x**2 + 5*x + 3. Let w = 21 + -14. Let y(q) = 5*q**2 - 4*q - 3. Let t(u) = w*y(u) + 6*g(u). Calculate t(4).
-11
Let y(i) = 0*i - i + 5 - 5. What is y(-1)?
1
Let q(m) be the third derivative of -m**6/180 - m**5/120 + m**4/24 + m**2. Let b(f) be the second derivative of q(f). Calculate b(-1).
3
Let n(x) = -x**3 + 3*x**2 - 5. Let h(m) = -m**3 - 6*m**2 - 9*m. Let t be h(-4). What is n(t)?
-21
Let v(c) = c - 2. Let l(p) = 2*p - 5. Let b(q) = 2*l(q) - 5*v(q). Let y(z) = 4*z - 1. Let w(h) = b(h) + y(h). What is w(2)?
5
Let j(b) = 2*b**2 + 5*b - 3. Let f be j(-3). Let w(q) be the first derivative of q**3/3 - q**2/2 + 4*q - 2. What is w(f)?
4
Let d be 0/2 + (-10)/(-5). Let l(o) = 2 + 2*o + 0*o - 2*o**d - 4 + o**2. Give l(3).
-5
Let c(o) be the third derivative of o**7/2520 - 7*o**6/720 - o**5/40 + o**4/6 + 9*o**2. Let q(r) be the second derivative of c(r). Calculate q(6).
-9
Suppose -5*c + 4*c - 5 = 0. Suppose 9 = 4*b - b. Let k(i) = -i - 7 + b - i**2 - 4*i. Give k